 prime factors of 515650488?
2, 3, 21485437
List the prime factors of 40402189.
19, 2126431
What are the prime factors of 82284282?
2, 3, 1523783
List the prime factors of 3958672138.
2, 467, 4238407
What are the prime factors of 913116634?
2, 456558317
List the prime factors of 1684450867.
11, 8887, 17231
List the prime factors of 24084671.
13, 41, 73, 619
List the prime factors of 373037628.
2, 3, 2917, 10657
List the prime factors of 331476063.
3, 97, 487, 2339
What are the prime factors of 9129021?
3, 11, 276637
List the prime factors of 1130373196.
2, 683, 413753
What are the prime factors of 106864434?
2, 3, 659657
List the prime factors of 2293232760.
2, 3, 5, 7, 13, 70001
List the prime factors of 471162318.
2, 3, 11, 59, 120997
List the prime factors of 67372655.
5, 7, 29, 66377
What are the prime factors of 3398397916?
2, 739, 1149661
What are the prime factors of 183388203?
3, 41, 163, 3049
List the prime factors of 3750205706.
2, 13, 23, 6271247
List the prime factors of 21430565.
5, 13, 29, 11369
List the prime factors of 1380987239.
53, 991, 26293
List the prime factors of 2824909.
2824909
What are the prime factors of 2458659190?
2, 5, 13, 18912763
What are the prime factors of 1803542704?
2, 112721419
What are the prime factors of 1455690235?
5, 29, 10039243
What are the prime factors of 202748529?
3, 67582843
What are the prime factors of 18349807?
7, 139, 18859
What are the prime factors of 658576370?
2, 5, 29, 2270953
List the prime factors of 42675610.
2, 5, 17, 251033
List the prime factors of 1785558908.
2, 7, 23, 2772607
What are the prime factors of 263510810?
2, 5, 19, 433, 3203
List the prime factors of 460216963.
2399, 191837
What are the prime factors of 2782698?
2, 3, 61, 7603
What are the prime factors of 294248315?
5, 23, 53, 2099
What are the prime factors of 165972685?
5, 389, 85333
What are the prime factors of 31097482?
2, 13, 109, 10973
What are the prime factors of 35994809?
47, 765847
List the prime factors of 32053501.
3919, 8179
List the prime factors of 1577742733.
7, 67, 79, 97, 439
What are the prime factors of 167996369?
317, 529957
What are the prime factors of 1061782663?
1061782663
What are the prime factors of 80673880?
2, 5, 7, 23, 12527
List the prime factors of 1913976718.
2, 15017, 63727
List the prime factors of 41797606.
2, 19, 59, 103, 181
List the prime factors of 1382027125.
5, 11056217
List the prime factors of 1957217361.
3, 11, 17, 23, 151687
List the prime factors of 150030019.
1301, 115319
List the prime factors of 4362021218.
2, 2181010609
List the prime factors of 20353004.
2, 7, 726893
List the prime factors of 1335840685.
5, 31, 8618327
List the prime factors of 6823260505.
5, 17, 29, 2768057
List the prime factors of 525766548.
2, 3, 17, 2577287
What are the prime factors of 1472268859?
2143, 687013
List the prime factors of 41604621.
3, 13868207
What are the prime factors of 104930116?
2, 271, 96799
List the prime factors of 37357287.
3, 11, 19, 59581
List the prime factors of 125190461.
11, 11380951
List the prime factors of 35536845.
3, 5, 2369123
List the prime factors of 3152682167.
41, 76894687
What are the prime factors of 35764032?
2, 3, 186271
List the prime factors of 40358090.
2, 5, 19, 212411
What are the prime factors of 15009776?
2, 17, 139, 397
List the prime factors of 169646705.
5, 33929341
What are the prime factors of 8411013875?
5, 11, 53, 211, 547
List the prime factors of 66920716.
2, 37, 139, 3253
What are the prime factors of 975669439?
1699, 574261
What are the prime factors of 71721185?
5, 14344237
What are the prime factors of 63818296?
2, 7977287
What are the prime factors of 93209784?
2, 3, 431, 9011
List the prime factors of 1179341469.
3, 139, 942719
What are the prime factors of 390337267?
390337267
List the prime factors of 279450264.
2, 3, 29, 151, 2659
What are the prime factors of 717795?
3, 5, 13, 409
What are the prime factors of 528362074?
2, 17, 139, 111799
What are the prime factors of 66632474?
2, 2011, 16567
What are the prime factors of 4426501492?
2, 7, 97, 947, 1721
What are the prime factors of 20272561?
20272561
What are the prime factors of 230291147?
230291147
List the prime factors of 951429342.
2, 3, 158571557
What are the prime factors of 6998127065?
5, 1399625413
List the prime factors of 20437295.
5, 1009, 4051
What are the prime factors of 27587723?
27587723
What are the prime factors of 17728108?
2, 97, 45691
What are the prime factors of 363549243?
3, 1459, 83059
List the prime factors of 28846913.
101, 285613
List the prime factors of 92191516.
2, 97, 237607
What are the prime factors of 95709426?
2, 3, 15951571
What are the prime factors of 90457675?
5, 7, 11, 137
What are the prime factors of 43566805?
5, 41, 461
List the prime factors of 240127494.
2, 3, 40021249
List the prime factors of 33491321.
107, 313003
List the prime factors of 2007431575.
5, 353, 227471
What are the prime factors of 52474546?
2, 17, 23, 67103
What are the prime factors of 2275649118?
2, 3, 23, 5496737
What are the prime factors of 224011673?
31, 7226183
List the prime factors of 7327913.
2357, 3109
List the prime factors of 1274329147.
7, 13, 331, 42307
List the prime factors of 53971865.
5, 229, 47137
List the prime factors of 538766120.
2, 5, 149, 90397
List the prime factors of 420918225.
3, 5, 7, 13, 61673
List the prime factors of 107135483.
7, 13, 29, 40597
List the prime factors of 58246771.
11, 47, 112663
What are the prime factors of 125515077?
3, 53, 191, 4133
What are the prime factors of 483480191?
563, 858757
List the prime factors of 77663953.
77663953
What are the prime factors of 637863179?
47, 223, 60859
List the prime factors of 246967019.
13, 1609, 11807
List the prime factors of 140480259.
3, 46826753
What are the prime factors of 1235906?
2, 7, 43, 2053
List the prime factors of 1223519487.
3, 7789, 52361
List the prime factors of 2950371569.
5011, 588779
List the prime factors of 61543390.
2, 5, 6154339
What are the prime factors of 259677904?
2, 16229869
What are the prime factors of 2228582?
2, 211, 5281
What are the prime factors of 674190044?
2, 11, 607, 25243
List the prime factors of 5355972466.
2, 13, 131, 1572511
What are the prime factors of 1955553451?
1955553451
List the prime factors of 137868266.
2, 17, 4054949
What are the prime factors of 35041377?
3, 7, 19, 31, 2833
List the prime factors of 1301294934.
2, 3, 73, 990331
What are the prime factors of 139810635?
3, 5, 17, 179, 1021
What are the prime factors of 850889381?
850889381
What are the prime factors of 42259122?
2, 3, 877, 2677
List the prime factors of 3095610265.
5, 11, 4583, 12281
What are the prime factors of 884779460?
2, 5, 19, 79, 29473
What are the prime factors of 225935439?
3, 47, 1602379
List the prime factors of 370755422.
2, 185377711
List the prime factors of 61717225.
5, 17, 19, 7643
List the prime factors of 5535226310.
2, 5, 569, 972799
List the prime factors of 92002114.
2, 41, 113, 9929
What are the prime factors of 2105477387?
13, 17, 41, 232367
List the prime factors of 525584356.
2, 11, 43, 277793
List the prime factors of 852234578.
2, 13, 31, 809, 1307
List the prime factors of 109246195.
5, 1051, 20789
What are the prime factors of 73118562?
2, 3, 11, 331, 3347
What are the prime factors of 1915951066?
2, 2417, 396349
List the prime factors of 3217090616.
2, 402136327
What are the prime factors of 699810221?
11, 1193, 53327
List the prime factors of 3114214652.
2, 23143, 33641
List the prime factors of 60392231.
60392231
What are the prime factors of 138312991?
67, 2064373
What are the prime factors of 1747923328?
2, 163, 83777
What are the prime factors of 46944906?
2, 3, 43, 181957
What are the prime factors of 166037562?
2, 3, 1237, 7457
List the prime factors of 740576945.
5, 101, 593, 2473
What are the prime factors of 405135255?
3, 5, 7, 3858431
List the prime factors of 452848220.
2, 5, 11, 2058401
List the prime factors of 2091189619.
2091189619
List the prime factors of 401636974.
2, 4357, 46091
List the prime factors of 26865463.
293, 91691
What are the prime factors of 4697078?
2, 2348539
List the prime factors of 182842109.
182842109
List the prime factors of 111096855.
3, 5, 787, 3137
What are the prime f